es 1380 divide 5867760?
True
Is 12 a factor of 12033083?
False
Does 31 divide 132153?
True
Is 58729 a multiple of 14?
False
Is 225 a factor of 4265925?
False
Is 1558643 a multiple of 415?
False
Is 142971 a multiple of 257?
False
Is 36 a factor of 24372?
True
Is 35 a factor of 238945?
True
Is 219 a factor of 269291?
False
Is 192 a factor of 371520?
True
Is 300 a factor of 901200?
True
Does 42 divide 2208301?
False
Does 83 divide 912751?
True
Is 314 a factor of 396327?
False
Is 36 a factor of 1391112?
True
Is 79 a factor of 1546425?
True
Is 44 a factor of 80046?
False
Is 536406 a multiple of 166?
False
Is 6 a factor of 838484?
False
Is 134290 a multiple of 24?
False
Does 8 divide 267728?
True
Is 5360 a multiple of 2?
True
Does 7 divide 137904?
False
Is 18688277 a multiple of 189?
False
Does 121 divide 1046650?
True
Does 25 divide 16615750?
True
Does 47 divide 29487?
False
Is 1148212 a multiple of 71?
True
Is 321990 a multiple of 66?
False
Is 446294 a multiple of 37?
True
Is 7951511 a multiple of 645?
False
Is 51 a factor of 1410660?
True
Is 20 a factor of 1593380?
True
Is 432 a factor of 1273203?
False
Does 15 divide 279954?
False
Does 1198 divide 13400096?
False
Is 103 a factor of 194172?
False
Does 26 divide 11146694?
True
Does 132 divide 1290333?
False
Is 1291007 a multiple of 33?
False
Is 118 a factor of 40356?
True
Is 47731 a multiple of 26?
False
Does 34 divide 195947?
False
Is 127604 a multiple of 19?
True
Is 1212 a factor of 9351406?
False
Is 14 a factor of 515046?
True
Is 12 a factor of 1675042?
False
Does 35 divide 2547875?
False
Does 254 divide 952246?
True
Is 100198 a multiple of 26?
False
Does 215 divide 90929?
False
Does 23 divide 265426?
False
Is 119181 a multiple of 13?
False
Does 2 divide 1624050?
True
Does 88 divide 1578632?
True
Does 10 divide 9153420?
True
Is 276724 a multiple of 43?
False
Is 429 a factor of 3710421?
True
Is 4517581 a multiple of 19?
False
Is 100455 a multiple of 5?
True
Is 6309830 a multiple of 157?
True
Is 4418834 a multiple of 71?
False
Does 3 divide 145416?
True
Does 27 divide 15250264?
False
Is 10 a factor of 82316?
False
Is 15 a factor of 1123627?
False
Is 12113 a multiple of 43?
False
Does 24 divide 522222?
False
Is 407 a factor of 182529?
False
Is 320 a factor of 14417412?
False
Does 181 divide 1041160?
False
Is 18 a factor of 139014?
True
Is 176798 a multiple of 283?
False
Is 7 a factor of 726699?
False
Does 644 divide 1314313?
False
Is 184000 a multiple of 25?
True
Is 23 a factor of 259808?
True
Is 91 a factor of 9667400?
False
Is 2396192 a multiple of 23?
False
Is 93414 a multiple of 6?
True
Is 426992 a multiple of 19?
False
Is 1284207 a multiple of 944?
False
Is 39 a factor of 99697?
False
Does 99 divide 413464?
False
Does 205 divide 452701?
False
Is 2743884 a multiple of 117?
True
Is 1320042 a multiple of 47?
True
Does 4 divide 1062720?
True
Is 1590707 a multiple of 509?
False
Is 542925 a multiple of 134?
False
Does 4 divide 105378?
False
Does 21 divide 198414?
False
Is 99 a factor of 2376?
True
Does 2 divide 2206161?
False
Is 262570 a multiple of 42?
False
Is 27 a factor of 6453?
True
Is 6 a factor of 262958?
False
Is 837547 a multiple of 37?
False
Is 25 a factor of 189098?
False
Does 42 divide 6453384?
True
Does 6 divide 349287?
False
Does 281 divide 1575452?
False
Does 29 divide 2162153?
True
Does 11 divide 27269734?
False
Is 84 a factor of 43616?
False
Is 7 a factor of 280840?
True
Does 502 divide 5227353?
False
Is 33 a factor of 521994?
True
Is 664359 a multiple of 7?
False
Is 211266 a multiple of 291?
True
Does 32 divide 612576?
True
Does 194 divide 1333750?
True
Is 49 a factor of 2527665?
True
Is 7 a factor of 720986?
True
Is 339837 a multiple of 439?
False
Is 8517879 a multiple of 534?
False
Does 23 divide 6622691?
False
Is 41678 a multiple of 26?
True
Is 3 a factor of 12999?
True
Is 2456619 a multiple of 493?
True
Does 163 divide 140832?
True
Does 45 divide 3571245?
True
Is 270646 a multiple of 969?
False
Is 287 a factor of 50118?
False
Is 7275393 a multiple of 577?
True
Is 7575314 a multiple of 171?
False
Is 73944 a multiple of 18?
True
Does 119 divide 4779259?
False
Does 105 divide 284696?
False
Does 6 divide 23864?
False
Is 634414 a multiple of 30?
False
Is 195 a factor of 1296306?
False
Is 503256 a multiple of 24?
True
Is 14300 a multiple of 130?
True
Does 8 divide 2793252?
False
Is 518 a factor of 3101581?
False
Does 14 divide 5074270?
False
Is 12 a factor of 3791676?
True
Does 62 divide 2446007?
False
Does 24 divide 566927?
False
Is 579157 a multiple of 156?
False
Is 72 a factor of 29827?
False
Does 32 divide 299396?
False
Is 50 a factor of 941500?
True
Does 467 divide 1236292?
False
Does 132 divide 1055340?
True
Does 12 divide 143268?
True
Is 55674 a multiple of 28?
False
Is 101733 a multiple of 31?
False
Does 170 divide 4996501?
False
Is 72 a factor of 121968?
True
Is 284745 a multiple of 134?
False
Does 220 divide 1480853?
False
Does 55 divide 540485?
True
Does 392 divide 1349656?
True
Does 5 divide 576855?
True
Is 597 a factor of 782070?
True
Is 9740 a multiple of 5?
True
Is 60306 a multiple of 69?
True
Is 51676 a multiple of 15?
False
Does 1209 divide 12793930?
False
Is 19 a factor of 618697?
True
Is 2293788 a multiple of 73?
False
Is 7731950 a multiple of 118?
True
Is 24 a factor of 6647547?
False
Does 281 divide 389955?
False
Is 1022934 a multiple of 242?
True
Does 19 divide 291270?
True
Is 27 a factor of 168318?
True
Is 1134 a factor of 5551097?
False
Does 224 divide 6137152?
True
Is 51 a factor of 3384738?
False
Does 72 divide 1666879?
False
Is 11187184 a multiple of 659?
True
Does 27 divide 171563?
False
Does 4 divide 1153771?
False
Is 100848 a multiple of 6?
True
Is 302 a factor of 7722864?
False
Is 5 a factor of 3820300?
True
Is 80494 a multiple of 11?
False
Does 10 divide 34322?
False
Is 10 a factor of 9562?
False
Is 76 a factor of 40225?
False
Is 2307 a multiple of 9?
False
Is 16 a factor of 8297618?
False
Is 124 a factor of 1160888?
True
Is 13703 a multiple of 317?
False
Does 5 divide 1311823?
False
Does 19 divide 106893?
False
Does 944 divide 4634096?
True
Is 20742854 a multiple of 18?
False
Does 26 divide 121945?
False
Does 3 divide 399297?
True
Is 379 a factor of 333212?
False
Does 14 divide 1448210?
False
Is 39272 a multiple of 8?
True
Does 521 divide 139107?
True
Does 225 divide 12534?
False
Is 12081217 a multiple of 1656?
False
Is 344205 a multiple of 15?
True
Is 27809 a multiple of 10?
False
Is 376268 a multiple of 436?
True
Is 112336 a multiple of 16?
True
Is 90 a factor of 793530?
True
Is 54 a factor of 2698?
False
Does 19 divide 2492572?
True
Is 93 a factor of 2958894?
False
Is 284590 a multiple of 64?
False
Does 18 divide 713758?
False
Is 405810 a multiple of 243?
True
Is 77737 a multiple of 407?
True
Is 40 a factor of 223563?
False
Does 246 divide 2369226?
True
Is 9 a factor of 4283325?
True
Is 91 a factor of 41314?
True
Is 484122 a multiple of 8?
False
Is 363 a factor of 351747?
True
Is 98900 a multiple of 74?
False
Does 12 divide 285084?
True
Is 147 a factor of 419265?
False
Is 265184 a multiple of 258?
False
Is 403 a factor of 1633359?
True
Does 168 divide 291816?
True
Does 38 divide 31846?
False
Is 2271 a multiple of 5?
False
Is 8 a factor of 2674936?
True
Is 27 a factor of 50868?
True
Is 2921634 a multiple of 385?
False
Does 214 divide 964284?
True
Does 722 divide 1856663?
False
Is 154 a factor of 632212?
False
Is 453751 a multiple of 238?
False
Is 7 a factor of 1870586?
False
Is 332 a factor of 544561?
False
Does 40 divide 1651357?
False
Does 21 divide 10563?
True
Is 168 a factor of 383437?
False
Is 148461 a multiple of 59?
False
Is 19920 a multiple of 15?
True
Is 500 a factor of 1920000?
True
Is 35 a factor of 3247209?
False
Is 6 a factor of 144454?
False
Is 12 a factor of 194712?
True
Is 249 a factor of 215136?
True
Is 230 a factor of 260606?
False
Does 222 divide 10616616?
False
Does 27 divide 6742826?
False
Is 472360 a multiple of 49?
True
Is 19 a factor of 505219?
False
Does 121 divide 2607792?
True
Is 17 a factor of 139639?
False
Is 233441 a multiple of 102?
False
Does 3 divide 309272?
False
Does 638 divide 845988?
True
Is 69012 a multiple of 324?
True
Is 62 a factor of 1563392?
True
Does 71 divide 100938?
False
Is 86 a factor of 1057542?